er when n(h) is divided by w?
14
Suppose 3*x = -9, -16 = y - 5*x - 46. Suppose 0 = o - 2*o + 57. Calculate the remainder when o is divided by y.
12
Suppose n - 4 = 11. Calculate the remainder when 44 is divided by n.
14
What is the remainder when 2*(-4 - (2 + -52)) is divided by 19?
16
Suppose -2*l - 3 = -0*l + 3*h, -3*l = 4*h + 4. Suppose -w - 5 = -4*f - l, 27 = 3*w + 2*f. What is the remainder when 1/(-4) + 53/4 is divided by w?
6
Let x = -28 + 97. What is the remainder when x is divided by 14?
13
Suppose 0 = -4*w + 2*o - 1206, w + 318 = -0*w - 5*o. Let a be w/33 - (-4)/22. Calculate the remainder when 2 is divided by (-2 + -1)*6/a.
0
Let z = 7 - 5. Suppose 5*t = z*t + 414. Suppose -2*k + 5*k - 3*f = t, -3*f - 224 = -5*k. What is the remainder when k is divided by 11?
10
Let d(o) = -20*o**3 - o**2 + 2*o - 1. Let j be d(1). Let h = 43 + j. Calculate the remainder when 67 is divided by h.
21
Let f(b) = b + 2. Suppose -3*k - 75 = -5*x, -3*k + 45 = 3*x - 8*k. What is the remainder when x is divided by f(6)?
7
Calculate the remainder when (-2)/8 + (-257)/(-4) is divided by 1/(-2) + (-45)/(-2).
20
Let y(c) = c - 1. Let j be y(3). What is the remainder when (-4)/(-14) - (-26)/7 is divided by j + -1 - (-6)/3?
1
Suppose -3*x + 92 = x. Suppose -33 = -3*d + 3. What is the remainder when x is divided by d?
11
Suppose 6*f = 2*f + 32. Let g = -6 + f. Suppose -2*h - g + 12 = 3*x, 0 = -4*x - 2*h + 14. Calculate the remainder when 6 is divided by x.
2
Suppose 0 = 5*g + 5*l - 110, 32 = 4*g - 2*g - 2*l. Suppose -3*c - 3*x + 0 = -12, -5*c + 4*x = -47. Calculate the remainder when g is divided by c.
5
Let i = -54 - -80. What is the remainder when 50 is divided by i?
24
What is the remainder when 38 is divided by (-3)/(286/(-561) + 1/3)?
4
Suppose 0 = 32*a - 26*a - 216. What is the remainder when a is divided by 22?
14
Let h be (-6)/21 - (-698)/(-7). Let l = -48 - h. What is the remainder when l is divided by 18?
16
Suppose -5*o - 12 = -6*o. What is the remainder when 35 is divided by o?
11
Let t(u) = 2*u**2 - 12*u + 3. Let g be t(8). Suppose 2*w = 31 + g. Calculate the remainder when w is divided by 9.
6
Suppose 4 = 4*z - 2*z. Suppose 14 = 2*j + 4*w, j + 11 = z*j + w. Calculate the remainder when 43 is divided by j.
13
Let o = -90 - -143. What is the remainder when o is divided by 21?
11
Let i(j) = -j**2 + 5*j + 4. Calculate the remainder when 19 is divided by i(3).
9
Suppose -x - 3*l = 0, 3*l - 14 = 4*x + l. Let c(r) = -4*r + 2. Let f(v) = -v**3 - 3*v**2 + 2*v. Calculate the remainder when c(x) is divided by f(-4).
6
What is the remainder when (34/(-8))/(4/(-16)) is divided by 9?
8
Let a = 7 - 5. Let j = a - -4. What is the remainder when 21 is divided by j?
3
Let d = 40 - 26. What is the remainder when (38 + 1)*1 - 0 is divided by d?
11
Suppose -3*m = -2*m - 265. Let t = 145 + -139. Suppose l = t*l - m. Calculate the remainder when l is divided by 14.
11
Suppose 26*o = 8*o + 162. Calculate the remainder when o is divided by 4.
1
Suppose 0*a = -4*a + 80. What is the remainder when a is divided by 7?
6
Let x(q) = q**2 - 5*q + 6. Let t be x(4). Suppose -4*d + 120 = -t*d. What is the remainder when d is divided by 21?
18
Let f(x) = 9*x - 4. Suppose 2*h - 40 = -4*l + 2, 0 = -4*l - 3*h + 39. Calculate the remainder when f(3) is divided by l.
11
Let g = -5 - -9. Let v(k) = -k**3 - 2*k**2 + 2*k + 3. What is the remainder when v(-3) is divided by g?
2
Suppose 4*x = 3*i + 285, -60 = -0*x - x - 3*i. What is the remainder when x is divided by (2/(-5))/((-948)/135 + 7)?
15
Let l(c) = -1 - 5 + 5*c + 0*c + 0. What is the remainder when 40 is divided by l(4)?
12
Suppose 4*h - 18 = 2*h. Calculate the remainder when 35 is divided by h.
8
Suppose -2*u - 4*g = -5*u + 53, 3*u - 43 = -g. Suppose 2*b = -3*b + 290. Suppose 3*o - 5*o + b = 0. Calculate the remainder when o is divided by u.
14
Suppose -n = 2*n - 6. What is the remainder when 2*3/6*6 is divided by n?
0
Let f(l) = -13*l**3 - 2*l**2 - 2*l - 1. Suppose 7*o = 8*o + 1. Calculate the remainder when 44 is divided by f(o).
8
Suppose 0*z + 12 = u + z, -3*z = 4*u - 44. Suppose 29 = -4*n - 5*c + 11, 0 = 5*n - c + u. Let k = n + 4. Calculate the remainder when 5 is divided by k.
1
What is the remainder when 5*1*(8 + -3) is divided by 13?
12
Suppose -o - 2*d - 1 = 2, 3*d = -o - 6. Let m(v) = v**2 + 4*v - 5. Calculate the remainder when m(2) is divided by o.
1
Let t(r) = -r**3 - 6*r**2 - 3*r + 6. Let c be t(-5). What is the remainder when (6/c)/(12/(-280)) is divided by 9?
8
Suppose 0 = 9*z - 6 - 84. Calculate the remainder when 37 is divided by z.
7
Let l = 36 + -18. What is the remainder when l is divided by 5?
3
Let k(v) = -v**2 + 10*v + 14. Let q be k(10). Let b = -42 - -62. Calculate the remainder when q/35 + (-293)/(-5) is divided by b.
19
Suppose -2*y = g - 96, 0*y + 4*g - 34 = -y. What is the remainder when y is divided by 13?
11
Let k be ((-6)/(-3) - 2)/(-1). Let l = k + 8. What is the remainder when 23 is divided by l?
7
Let m = -55 + 165. Suppose p = 4*b - 158, -3*b - 4*p = -m + 1. Let v = -26 + b. What is the remainder when 24 is divided by v?
11
Suppose 3*t - l = -3, -5*l = -3*t - l - 12. Let q be (2 - t)*(1 - 0). Let r(z) = 10*z - 3. Calculate the remainder when 32 is divided by r(q).
15
Calculate the remainder when (-155)/(-17) - (-24)/(-204) is divided by 9.
0
Let x = 17 + -5. What is the remainder when 57 is divided by x?
9
Suppose 8*d - 4 = 6*d. Calculate the remainder when 6 is divided by d.
0
Let o = -67 + 153. What is the remainder when o is divided by 18?
14
Suppose 132 - 7 = 5*o. Suppose 5*w + 3 + 37 = 3*l, 0 = -3*w - 3*l. Let d = w - -14. What is the remainder when o is divided by d?
7
Let k(m) = m**3 - 8*m**2 - 7*m + 20. What is the remainder when k(10) is divided by 40?
30
Suppose 2*f = 3*f - 10. Calculate the remainder when 48 is divided by f.
8
Calculate the remainder when 72 is divided by (2/4)/(-3 - 91/(-30)).
12
Let z be 30/(-9)*(-6)/5. Suppose -4*i = -z*f + 44, -3*f - 4*i + 31 = -2*f. What is the remainder when 57 is divided by f?
12
Let m be (9/(-3))/(3/12). Let a = m + 21. Calculate the remainder when 15 is divided by a.
6
Suppose c + 3*u - 15 = -3, 61 = 4*c - u. Let q(i) = 13 + i**3 - 8*i - 4 + 0*i**3 + 0*i**3 - 9*i**2. Calculate the remainder when q(10) is divided by c.
14
Suppose 5*v + i + i - 1810 = 0, -4*v - 2*i = -1450. Suppose 0 = -f + 3*f - v. Suppose f = 5*q - 25. What is the remainder when q is divided by 14?
13
Let t(d) = -d**2 - 11*d + 4. What is the remainder when 107 is divided by t(-9)?
19
Let d(l) = 11*l**2 - 1. What is the remainder when -1 + (38/2 - 0) is divided by d(-1)?
8
Suppose -2*h + 3*h - 118 = 0. What is the remainder when h is divided by 40?
38
Let p be (6 + -7)*30/2. Let x be 14/(-3)*p/10. Suppose x = 4*r - 3*r. Calculate the remainder when 13 is divided by r.
6
Let d(p) = p**3 - 7*p**2 + p + 3. Let m(u) = 29*u - 1. Calculate the remainder when m(1) is divided by d(7).
8
Let m(a) be the second derivative of -a**5/20 - a**4/3 - 5*a**3/6 - 3*a**2/2 + 2*a. Let l = 10 + -6. What is the remainder when l is divided by m(-3)?
1
Let j = -76 + 93. What is the remainder when j is divided by 7?
3
Let a(y) = -42*y**3 - 4*y**2 - 2*y. Let d be a(-2). What is the remainder when d/5 + 7/35 is divided by 17?
14
Let c(v) = v**3 - 9*v**2 + 10*v - 6. Calculate the remainder when 38 is divided by c(8).
8
Let g = -9 + 13. Suppose -15 = -s + g*s. Calculate the remainder when 16 is divided by (-31)/(-5) - (-1)/s.
4
Suppose -b + 57 = 4*f, 5*f = -5*b + 32 + 28. What is the remainder when 57 is divided by f?
12
Suppose 3*w = -w - 4. Calculate the remainder when 2/(((-6)/159)/w) is divided by 18.
17
Let f(n) = -n**2 + 1. Let d(k) = k**3 - 2*k**2 - 5*k - 1. Let i(j) = -d(j) + 3*f(j). Suppose -2*c + 0 = -38. What is the remainder when c is divided by i(-3)?
5
Suppose -8*n - 348 = -14*n. What is the remainder when n is divided by 32?
26
Suppose 11 + 69 = 2*t. Let p(d) = 2*d**2 + 6*d + 1. What is the remainder when t is divided by p(-5)?
19
Calculate the remainder when 59*((3 - 4) + 1 + 1) is divided by 15.
14
Calculate the remainder when (72/(-45))/((-83)/(-85) - 1) is divided by 24.
20
Let o be 5*-21*8/60. Let a = o - -17. What is the remainder when 10 is divided by a?
1
Suppose -140 = -f - 28. Su